 + -35.
-23
What is the value of 141 - 165 - (2 - 14)?
-12
Evaluate 7 + (5 - 11) + 3 + -1 + 8.
11
What is -47 + 27 - -13 - 4?
-11
What is -8 + (-19 - -35) + (-18 - 0)?
-10
Calculate (-1 - 5 - (-69 + 82)) + 14.
-5
Calculate (7 - (-1 + 4 - (-7 + 6))) + 2.
5
What is the value of -5 + (6 - (-1 + 8 - (16 + -13)))?
-3
What is the value of -4 + -5 - -15 - (4 + -6 - -21)?
-13
Evaluate 46 + -25 - 13 - (1 - 11).
18
What is (-16 - -6) + 8 + (1 - 18)?
-19
Evaluate (-5 - (-13 + (9 - 6)) - 32) + -3.
-30
What is the value of 8 + -16 - (-30 + (-1 - -3))?
20
Evaluate 7 - (-4 - (-11 - (1 + -7))).
6
(-41 - -44) + (-1 - (-1 + 14))
-11
What is the value of (44 - (34 + -12)) + -18?
4
What is the value of 11 + (-14 + 9 - 12) + (-5 - -1)?
-10
What is the value of -7 - 0 - (224 - 240)?
9
What is -16 - (-19 + 21) - (3 + 0 + 0)?
-21
What is 10 + (9 - 20) - (-2 + -2) - -9?
12
What is 86 + -85 + 0 + 14 - 37?
-22
(0 - (6 - -16)) + (-4 - -6) + 5
-15
(3 - (9 - -2)) + 7 + -7 + -8
-16
(14 - 5 - 16) + 5 + (13 - 0)
11
Calculate (-8 - (3 - (5 + -2))) + (-1 - 1).
-10
What is (0 - -7 - (4 - (-4 - -4))) + -2?
1
17 - 0 - (-57 + 65)
9
Calculate 163 - 153 - (0 + 10 + 0).
0
Calculate 12 + -3 + -8 + 9 + -2.
8
What is -13 + 10 + -5 - (-2 + 1 + -24)?
17
Calculate 21 + -47 + 28 - (0 + -2 + 1).
3
32 + 6 + -19 + -36 + 1
-16
9 - (46 - 45 - (1 + -9))
0
0 - -3 - (-3 + 0 + 0) - 10
-4
What is the value of (-583 - -563) + 3 + 1?
-16
2 - -11 - (-139 - -152)
0
Evaluate (8 - 4) + -7 - ((-4 - -2) + 0).
-1
What is -207 + 199 - (-1 + (0 - -2))?
-9
Calculate 1 + 18 + (2 + 3 - (-8 - -13)).
19
What is -721 + 716 - (-2 + 2 + -31)?
26
Calculate 329 - 338 - (2 - 0 - -13).
-24
Evaluate -27 + 2 + -25 + 52.
2
Calculate 8 - 1 - (-23 + 32).
-2
What is the value of 15 + -14 + -2 + -12?
-13
Calculate -1 + -3 + -26 + 9.
-21
What is the value of (10 - (-3 + 0 + 3)) + (202 - 209)?
3
Evaluate (1 - (1 - -5 - 1)) + (-25 - -14).
-15
Evaluate (-5 - (-1 - 0)) + -51 + 59 + 1.
5
(-4 - -3) + -7 + 2 + (4 - 1)
-3
Calculate 1 - ((2 - -1) + (-1 - 9) + 4).
4
Evaluate -6 + -27 + 31 - -16.
14
Calculate -12 - (-1 - (14 + -13)).
-10
Calculate -6 - (8 - 23) - 16.
-7
What is 14 - (-10 + (8 - (-14 + 9)))?
11
(-5 - 0) + 8 + 0 + 5 + -3
5
Calculate 74 + -95 + 33 + -2.
10
Calculate -5 + 13 + (16 - 8) + 16.
32
Evaluate -28 + -9 - (-1 - 6) - 3 - -8.
-25
Evaluate (13 - 17) + (-20 - -10).
-14
-9 + 9 + (-9 - (-3 - 0)) + 22
16
Evaluate 34 - ((46 - -10) + -39).
17
Evaluate -20 - (-12 + (10 - 13)).
-5
Calculate -3 + -3 + -4 + 2 + 8.
0
What is the value of (-1 - (-15 - -35)) + (8 - (-1 + 2))?
-14
What is (-5 - 8) + -36 + 10 + 19?
-20
Calculate 7 + -5 + 5 + -7 + 1 - 0.
1
Evaluate (6 - (-3 - -1) - 3) + -6 + -1.
-2
-18 + (-12 - -32) + -5
-3
27 + 12 + -35 - 3
1
Evaluate 4 + 14 + -19 + -11 + 11.
-1
What is the value of 5 + 0 + (106 - 109) + 0 + 5?
7
Evaluate -5 + (20 - 3) - 12.
0
What is -31 + (41 - (26 + -33))?
17
Calculate 2 - (1 - (7 + -20)).
-12
Evaluate -3 - -1 - (-7 - (6 + (-18 - -6))).
-1
Calculate -18 - (-2 - (-3 - -2)).
-17
-1 - (29 + -28 + 11)
-13
18 + -1 + (3 - 27 - -29) - -8
30
What is the value of (3 - 6) + (-29 - (-15 + -7))?
-10
What is 27 - 1 - (1347 - 1331)?
10
What is (-29 - -11) + 27 + 16?
25
What is -6 + -13 + (-26 - -41) + -5?
-9
Evaluate (-10 + 9 - 6) + (13 - -2) - -9.
17
What is the value of (1 - (3 - 4)) + (5 - 10) + -13?
-16
Calculate 90 - 96 - (1 - 7).
0
(8 - 2) + -41 + 38 - (0 - 10)
13
Evaluate (14 - 24 - (4 - 17)) + 3 + 0.
6
Evaluate 11 + 0 - (2 + 35 + -12).
-14
Calculate ((-32 - -2) + 13 - -37) + -13.
7
Evaluate 42 - 37 - (-2 + 11) - 8.
-12
What is the value of 3 - (0 - (-17 - -38))?
24
18 + -14 + -15 + 0 + 16
5
Evaluate -9 - (-6 + 17 + -10) - (-13 + 6).
-3
Calculate (-8 - -11) + -2 - (-24 + 36).
-11
What is the value of (30 - 1) + -11 + (-14 + 3 - -3)?
10
What is -8 + (3 - (-1 - (9 - 7)))?
-2
What is the value of 7 - (1 + -27 + (17 - (18 - 9)))?
25
Calculate -15 + (0 - -6 - 5) + 7 - 2.
-9
13 + (19 + -14 - 13)
5
Evaluate -7 + 5 + 9 + (-2 - -8) + -27.
-14
What is -20 + (8 - -1) + (-6 - (0 - 5))?
-12
What is -6 + (-5 - (1 + -2 + 1 + -26))?
15
Evaluate (-194 - -199) + -7 + -1.
-3
What is -503 + 499 - (0 - 2 - 1)?
-1
Evaluate -6 + 2 + 13 - (40 + -65).
34
What is the value of (-12 - 0) + (-10 - (-23 - -18))?
-17
12 - (-7 - ((8 - 4) + -12))
11
Evaluate (-332 - -336) + (-2 - (1 + -1)).
2
What is -47 + 28 - (0 - 13)?
-6
What is -10 + -9 + 25 - 17?
-11
Calculate 5 - (-9 - -5 - -5).
4
2 + -1 + -3 + 28 + -20
6
Calculate (9 - (32 + -6)) + -19 + 9.
-27
Calculate 32 + -36 + (0 - 3) - -7 - -1.
1
Calculate (-14 - (-19 - -12)) + (-2 - (-1 - -4)).
-12
What is -38 + 66 + (-2 + 4 - 8)?
22
Calculate (-19 - -16) + -5 - (13 - -3).
-24
Evaluate 5 - (1 - -2) - ((0 - -5) + 3).
-6
-4 + 6 - (156 + -144) - (0 - 12)
2
What is the value of -6 + -3 + -3 + (30 - 25) - 1?
-8
What is the value of 0 + 14 + (1 - (-5 - -4)) + -7?
9
11 + -17 + -1 + 8 - 0 - 12
-11
What is 2 - -7 - (6 - -3)?
0
Evaluate (-50 - -82) + (-14 - -3).
21
Evaluate -5 + (4 + -1 - 1).
-3
What is the value of -10 + (12 - 5) + 10?
7
What is -4 - ((-9 - (-4 + 6)) + -3)?
10
-4 - -4 - (-7 - (-40 + (8 - 0)))
-25
What is 8 - ((-2 + -3 - -1) + 5)?
7
Evaluate -12 - (-39 + 11) - 17.
-1
What is the value of (-2 - -19 - (71 + -56)) + -4?
-2
Calculate 0 - 10 - (29 + 4 + -59).
16
What is the value of (2 - (-45 + 75)) + 51?
23
Calculate 17 - (-9 - -2) - 16.
8
25 + (-1 - (13 + -10)) + 0
21
What is -3 + (-8 - -15) + 11 + 1?
16
Calculate -5 + (9 - (-9 - (-20 - -6))).
-1
What is (5 - -1) + -40 + (58 - 11)?
13
What is -27 + 26 - (-19 - 1)?
19
What is the value of 1 + 0 - (-13 + 13 + -14 - -24)?
-9
What is the value of 33 + (2 - (32 + -12))?
15
Calculate -10 + 9 - (3 + (-6 - 6)).
8
What is (-6 - -7 - (1 + 3)) + -5?
-8
Calculate 4 - (100 - 92 - (0 - -1)).
-3
What is -9 - (-30 - (-8 + -17))?
-4
What is the value of (-3 - 2) + -6 + (-43 - -68)?
14
Calculate 4 + -35 + 20 - 22.
-33
What is -1 - (-3 + 2) - 9?
-9
What is the value of -15 + (-2 + 19 - (4 - (-26 - -21)))?
-7
Evaluate 2 + -6 + 0 + (7 - 1).
2
Evaluate 118 + -115 + (3 - -2).
8
Calculate -27 + (-11 - 1 - (15 - (48 + -10))).
-16
-1 - (-14 + 26 - 32 - 11)
30
Evaluate 7 + (-16 + -2 - (4 - 4)) + 8.
-3
What is 18 + -12 + -21 + -5 + 10?
-10
-1 + (10 - 4) - (10 - 5)
0
1 - (7 - 3) - (-4 + 13 + -5)
-7
Evaluate -56 + 59 + 1 + -1.
3
What is the value of 2 - (-7 - (-43 - -50))?
16
5 - (10 - (-9 + 11) - 12) - 3
6
What is 21 + (-194 - -200 - (0 + 16))?
11
Evaluate 4884 + -4893 + (2 - ((-1 - -3) + 24)).
-33
(0 - (-7 - -5)) + (-5 - (-1 + -10))
8
-11 - (-13 + -3 + 45 + -61)
21
Calculate -1 + 8 - (18 - (-6 - -6) - 9).
-2
Evaluate 3 + -2 + 2 + -50 + 46.
-1
What is (5 - (5 - 6)) + (-7 - -6)?
5
11 + -4 - 7 - 13
-13
28 - (14 - 0) - 5
9
What is 18 + (-27 - -26) - 10?
7
What is the value of -20 + 17 - 34 - -18?
-19
What is the value of (-3 + 8 - (6 + -1)) + 1 + 5?
6
Calculate (1 - -6) + 54 + -60 - (2 + 2).
-3
25 - (9 - (-2 - 1) - 8 - -3)
18
Evaluate 7 + (-5 - 4) + 21.
19
Calculate -7 - (-20 + (10 - 7) + 9).
1
What is the value of (-10 - (7 - 20)) + 11?
14
Evaluate -4 - 2 - 2 - (6 - (-28 - -9)).
-33
Evaluate 1 - (6 - (6 - (-6 + 3))).
4
10 - (2 - -2) - (-1 - (0 - 1))
6
What is the value of -48 + 49 + (1 + 1 - 17)?
-14
What is the value of 5 + (3 - 8) - -15?
15
What is the value of -91 - -84 - (-5 + -2 + -2)?
2
What is 12 + (-4 - (4 - 0) - -1)?
5
(46 - (-17 - -63)) + (0 - -19)
19
Evaluate 8 + -20 + 13 + 9 - 17.
-7
Evaluate 10 + -1 - (-124 + 120).
13
What is 1 + -2 - (21 + -31)?
9
Evaluate 11 + (-4 - (1 + -2)) + -17.
-9
(-4 + (4 - 1) - -2 - 6) + 7
2
What is (-6 + 1 - -8) + 28 + -3?
28
Evaluate 3 - ((-4 + 3 - -2) + 1).
1
What is 13 + -10 + 7 + -1?
9
Calculate -24 - 0 - -3 - (-3 + -7).
-11
Evaluate -17 + 24 + -13 + 0 + -15.
-21
-1 - (-35 + 11 + 42 + (0 - 1))
-18
Calculate 5 - (-3 + 6 + 3 - -2).
-3
What is -8 + -2 + 2 + 9 + (5 - -2)?
8
Evaluate (5 - 2 - (25 - 16)) + 19.
13
Calculate 13 + -1 + (-59 - -40).
-7
What is (-29 - -20 - 19) + 48?
20
Calculate -25 + 2 + (-66 - -107).
18
What is the value of (74 - 64) + (-9 - 0)?
1
Calculate -9 + 0 + 23 + (5 - -10) + -23.
6
Evaluate -24 + -4 + 24 + -7 - (1 - -7).
-19
What is (18 - 11 - (2 + 0) - 8) + 27?
24
Evaluate (-3 + -26 - 3) + 22.
-10
1 + 1 + (-6 - -17 - 0) - 3
10
(179 - 170) + 4 + (-42 - (1 - 5))
-25
What is the value of 23 - (46 - (25 + -16